213 - -5?
44031115222
In base 7, what is -5 - 2346062?
-2346100
In base 15, what is -283646 + -5?
-28364b
In base 5, what is -221214122 + 40?
-221214032
In base 3, what is -1110020 + -1120122212?
-1122010002
In base 6, what is -5322013 + -344?
-5322401
In base 5, what is 10321 - 24334040?
-24323214
In base 13, what is 3 + 2661c29?
2661c2c
In base 4, what is -333123211 + -1231?
-333131102
In base 6, what is 40 + -133421341?
-133421301
In base 10, what is -2143 - -55883?
53740
In base 13, what is -1 + -4813004?
-4813005
In base 15, what is c2a06 - -8?
c2a0e
In base 16, what is 9fc4 + -1d7a?
824a
In base 16, what is 1a11 + 24c6?
3ed7
In base 5, what is 201232 + -3?
201224
In base 16, what is -b77 - 4d1?
-1048
In base 13, what is -389118 + -634?
-38974c
In base 5, what is -4003311 + -343?
-4004204
In base 9, what is -2 - -544807055?
544807053
In base 13, what is 51800 + -1b2b?
4c9a2
In base 6, what is 4 + -22355332114?
-22355332110
In base 15, what is 5177a + -ec?
5167d
In base 15, what is -3b5d + -22a6?
-5e14
In base 13, what is -21776 - 2084?
-2382a
In base 14, what is 6c7 + 3708a?
37773
In base 11, what is -12 - -56991a4?
5699192
In base 4, what is -1111103 + 1120202?
3033
In base 16, what is -cb1c - 6d?
-cb89
In base 7, what is -126 - -122360353?
122360224
In base 14, what is 49 + -310dc?
-31093
In base 5, what is 0 - -2232020143?
2232020143
In base 7, what is 110010642 - 1?
110010641
In base 11, what is -273 - 158549?
-158811
In base 4, what is 2001032212 + -23223?
2001002323
In base 6, what is -1 - 2502053305?
-2502053310
In base 9, what is 34075 - 426?
33548
In base 9, what is 51173 - -2?
51175
In base 10, what is 125576 - -2441?
128017
In base 13, what is -6aa791 + 37?
-6aa757
In base 10, what is 24439 - -1953?
26392
In base 16, what is -784 - 14e?
-8d2
In base 5, what is 2032144 - 102?
2032042
In base 12, what is 4873 + 7b81?
10834
In base 6, what is 4234220 + -214?
4234002
In base 2, what is -101001 + 1011100100011001111?
1011100100010100110
In base 8, what is 611 - 1674?
-1063
In base 2, what is 1000101110100 - 1111110100001?
-111000101101
In base 11, what is -5 + 40027730?
40027726
In base 16, what is 890 - -5584?
5e14
In base 11, what is -37454 + 292?
-37172
In base 5, what is -140 + -230243431?
-230244121
In base 14, what is -4da + -3b41?
-423b
In base 16, what is -2 - 2524f9b?
-2524f9d
In base 10, what is -227 - 28725?
-28952
In base 15, what is 35c3 - 13d?
3485
In base 4, what is 31210300 - 331231?
30213003
In base 12, what is -225a32 + -6?
-225a38
In base 15, what is -3c35 - -12e4?
-2941
In base 6, what is 30 + -202432?
-202402
In base 16, what is 80 - 20734?
-206b4
In base 2, what is -11111101000 + 111111111101?
100000010101
In base 5, what is 232 + -2312240340?
-2312240103
In base 8, what is 27533511 - -5?
27533516
In base 5, what is -3 + 40304202011?
40304202003
In base 11, what is 20378328 + 2?
2037832a
In base 11, what is -5 + -aa5107?
-aa5111
In base 8, what is -56323 - -3614?
-52507
In base 15, what is 5 - -255ba3?
255ba8
In base 16, what is 3 - 5b4ff2?
-5b4fef
In base 15, what is -d - -8a6cb?
8a6bd
In base 4, what is 0 - 1121031200?
-1121031200
In base 4, what is -1112113 + 12112?
-1100001
In base 13, what is 4 - 387c96a?
-387c966
In base 13, what is -1712a07 + 1?
-1712a06
In base 5, what is -1021014 + 101?
-1020413
In base 9, what is -2 - -38223860?
38223857
In base 4, what is -221031310 + -2031?
-221100001
In base 2, what is 11011100000000101 + 10001111?
11011100010010100
In base 3, what is 2 - 210002001?
-210001222
In base 14, what is -25d8 + 7d39?
5741
In base 3, what is -202011010122 + -121211?
-202011202110
In base 2, what is -101000 - 1101111010011101110?
-1101111010100010110
In base 6, what is -12024425 + 2500?
-12021525
In base 11, what is 26 + -692?
-667
In base 11, what is -4063271 - -2?
-406326a
In base 15, what is b2280d - -8?
b22816
In base 8, what is 45564713 - 21?
45564672
In base 5, what is -21 - 140322221401?
-140322221422
In base 7, what is 5 - -1404341055?
1404341063
In base 10, what is -13 - -16727041?
16727028
In base 13, what is 2a - -275296?
2752c3
In base 2, what is -1111100 - -110111110101010010111?
110111110101000011011
In base 4, what is -23022303 - -2023?
-23020220
In base 6, what is 243 - 4420534?
-4420251
In base 11, what is 1 - 143a7607?
-143a7606
In base 14, what is -2c9c514 - 1?
-2c9c515
In base 14, what is 29 - -1dd46?
1dd71
In base 12, what is -5 + 59015a?
590155
In base 9, what is 2 + 117440348?
117440351
In base 8, what is 2152614 - 20?
2152574
In base 15, what is -61d49 + -10a?
-61e54
In base 8, what is 34562 - -1177?
35761
In base 15, what is 86a + -4dc?
37d
In base 8, what is 53725 - -344?
54271
In base 16, what is -2ff8ff2 + -4?
-2ff8ff6
In base 15, what is -13 + -dc32b?
-dc33e
In base 14, what is 154ca + -285?
15245
In base 11, what is -49687920 + 1?
-4968791a
In base 6, what is 154152545 - 3?
154152542
In base 9, what is -88 - 2807833?
-2808032
In base 16, what is 0 - eb4fcd?
-eb4fcd
In base 16, what is 1cac8c2 - 2?
1cac8c0
In base 6, what is 42121004 + 515?
42121523
In base 10, what is -116960 - 2300?
-119260
In base 8, what is -315570 - 40?
-315630
In base 15, what is -356 - 3ac17?
-3b06d
In base 9, what is 2381416 + 1?
2381417
In base 6, what is 203542204 + 0?
203542204
In base 7, what is -12 - 63066460?
-63066502
In base 2, what is 100010011010110000010010 - -10?
100010011010110000010100
In base 14, what is 20315 - 43?
202b2
In base 13, what is -c89 + -62b6?
-7272
In base 9, what is -334 - -3028572?
3028237
In base 2, what is -10001011001 + 11010111010?
1001100001
In base 4, what is 102002 + -113130?
-11122
In base 13, what is 69b33 + 37?
69b6a
In base 15, what is 96 + -64426?
-64380
In base 16, what is -27 - c813c2?
-c813e9
In base 7, what is -322424605 + -5?
-322424613
In base 9, what is 363502 - 75?
363416
In base 4, what is 11213 + -112203001?
-112131122
In base 13, what is -73 + -55876?
-55919
In base 14, what is 11c1d - 68?
11b95
In base 10, what is -5032633 - 267?
-5032900
In base 4, what is -120123 - 13322100?
-20102223
In base 14, what is 1c6573 - -14?
1c6587
In base 5, what is 13101104024403 + 10?
13101104024413
In base 16, what is -11748a + -10b?
-117595
In base 15, what is -3586 - 33b?
-38c2
In base 7, what is -106423 + -4623?
-114346
In base 6, what is -23 - 10303413?
-10303440
In base 14, what is 0 + 543d23?
543d23
In base 11, what is 531725 - -10?
531735
In base 6, what is 4242500 + 20424?
4303324
In base 7, what is 11 + 53044235?
53044246
In base 11, what is 4817479 - 24?
4817455
In base 5, what is -4 - 11100203433?
-11100203442
In base 15, what is 1456b - -119a?
15716
In base 7, what is 5036212 - -32?
5036244
In base 9, what is -307 - -783432?
783124
In base 2, what is -1001110000011001100000110 - 110?
-1001110000011001100001100
In base 6, what is -3 + -11320444?
-11320451
In base 15, what is 6 - -57c04ae?
57c04b5
In base 11, what is 6 - -6511a661?
6511a667
In base 4, what is 202132221 - -11012?
202203233
In base 16, what is ab1a3 - 9?
ab19a
In base 11, what is 145 - -24a064?
24a1a9
In base 3, what is -1121010101210 - 211?
-1121010102121
In base 7, what is 1042250210 + -2?
1042250205
In base 8, what is 371641150 - -6?
371641156
In base 10, what is 10738524 + 17?
10738541
In base 11, what is -28806 + -a51?
-29757
In base 13, what is -1a4 + 33c43?
33a6c
In base 16, what is -1 + 1e16c7?
1e16c6
In base 16, what is -62b + 25be4?
255b9
In base 8, what is 13 + -172536604?
-172536571
In base 7, what is 3 - 216324023?
-216324020
In base 13, what is -2 - 1c45a14?
-1c45a16
In base 12, what is 29b5bbb + -6?
29b5bb5
In base 10, what is 163967 + 22?
163989
In base 8, what is -104 - 605113?
-605217
In base 12, what is -2a8 + -a744?
-aa30
In base 10, what is -14054 - -21896?
7842
In base 8, what is -247 - -2244301?
2244032
In base 15, what is 40e9511 + 1?
40e9512
In base 10, what is -1331368227 + -1?
-1331368228
In base 14, what is -2818 - -12?
-2806
In base 13, what is -c2a1 + 3c8?
-bba6
In base 3, what is -2101021 + 122110?
-1201211
In base 9, what is 20 + -64580?
-64560
In base 4, what is 1222133 - 311001?
311132
In base 16, what is -778099 - -2?
-778097
In base 14, what is 723 - 75148?
-74825
In base 12, what is 74 + -37667?
-375b3
In base 9, what is -4068 + 471?
-3